ulate the remainder when 10559 is divided by 11.
10
What is the remainder when 2696279 is divided by 1951?
1948
What is the remainder when 28239 is divided by 5599?
244
Calculate the remainder when 9676 is divided by 1800.
676
What is the remainder when 206648 is divided by 86?
76
What is the remainder when 383072 is divided by 55?
52
Calculate the remainder when 22269 is divided by 232.
229
What is the remainder when 16034 is divided by 1402?
612
Calculate the remainder when 26793 is divided by 139.
105
Calculate the remainder when 706377 is divided by 5156.
5
What is the remainder when 183240 is divided by 285?
270
What is the remainder when 7330 is divided by 124?
14
Calculate the remainder when 568 is divided by 547.
21
What is the remainder when 837399 is divided by 7?
3
What is the remainder when 34010 is divided by 89?
12
What is the remainder when 66341 is divided by 33160?
21
Calculate the remainder when 13446 is divided by 307.
245
What is the remainder when 37792 is divided by 84?
76
What is the remainder when 111439 is divided by 16?
15
What is the remainder when 1339 is divided by 52?
39
Calculate the remainder when 39577 is divided by 39.
31
What is the remainder when 3574 is divided by 3554?
20
Calculate the remainder when 101525 is divided by 343.
340
What is the remainder when 13947 is divided by 82?
7
What is the remainder when 87371 is divided by 87256?
115
What is the remainder when 33560 is divided by 154?
142
Calculate the remainder when 47184 is divided by 142.
40
Calculate the remainder when 5197 is divided by 1715.
52
Calculate the remainder when 7209 is divided by 7073.
136
What is the remainder when 109441 is divided by 155?
11
Calculate the remainder when 236439 is divided by 131.
115
What is the remainder when 2735 is divided by 340?
15
What is the remainder when 2363476 is divided by 230?
226
What is the remainder when 250443 is divided by 1246?
1243
Calculate the remainder when 28541 is divided by 7101.
137
What is the remainder when 716 is divided by 15?
11
Calculate the remainder when 4409 is divided by 45.
44
Calculate the remainder when 357201 is divided by 18800.
1
Calculate the remainder when 1303 is divided by 375.
178
What is the remainder when 2208 is divided by 578?
474
Calculate the remainder when 68381 is divided by 53.
11
Calculate the remainder when 2096 is divided by 238.
192
What is the remainder when 5412 is divided by 5400?
12
Calculate the remainder when 119881 is divided by 151.
138
What is the remainder when 2641 is divided by 79?
34
Calculate the remainder when 17580 is divided by 550.
530
Calculate the remainder when 43228 is divided by 1886.
1736
What is the remainder when 218918 is divided by 4759?
4
What is the remainder when 53305 is divided by 34?
27
What is the remainder when 35823 is divided by 8937?
75
What is the remainder when 21781 is divided by 165?
1
What is the remainder when 633 is divided by 593?
40
Calculate the remainder when 140338 is divided by 60.
58
Calculate the remainder when 17774 is divided by 193.
18
What is the remainder when 5814 is divided by 77?
39
Calculate the remainder when 916 is divided by 907.
9
What is the remainder when 25870 is divided by 77?
75
What is the remainder when 154493 is divided by 1207?
1204
Calculate the remainder when 338183 is divided by 168.
167
What is the remainder when 117719 is divided by 58852?
15
Calculate the remainder when 1354 is divided by 674.
6
Calculate the remainder when 2118 is divided by 516.
54
Calculate the remainder when 23013 is divided by 404.
389
Calculate the remainder when 2031 is divided by 910.
211
Calculate the remainder when 3148 is divided by 529.
503
Calculate the remainder when 199 is divided by 90.
19
Calculate the remainder when 24769 is divided by 69.
67
Calculate the remainder when 6917 is divided by 256.
5
What is the remainder when 4378450 is divided by 7?
6
What is the remainder when 14658 is divided by 190?
28
What is the remainder when 9490 is divided by 9402?
88
What is the remainder when 1610190 is divided by 159?
156
What is the remainder when 26887 is divided by 3342?
151
What is the remainder when 36091 is divided by 53?
51
Calculate the remainder when 6429 is divided by 605.
379
Calculate the remainder when 237218 is divided by 739.
738
Calculate the remainder when 14185 is divided by 4724.
13
What is the remainder when 62557 is divided by 63?
61
What is the remainder when 12739 is divided by 75?
64
What is the remainder when 551890 is divided by 31?
28
Calculate the remainder when 56604 is divided by 11249.
359
Calculate the remainder when 671342 is divided by 670.
2
What is the remainder when 490 is divided by 25?
15
What is the remainder when 4680 is divided by 3879?
801
What is the remainder when 354 is divided by 263?
91
What is the remainder when 6221 is divided by 2073?
2
Calculate the remainder when 34969 is divided by 174.
169
Calculate the remainder when 67411 is divided by 424.
419
Calculate the remainder when 52480 is divided by 272.
256
Calculate the remainder when 65635 is divided by 122.
121
What is the remainder when 81991 is divided by 74?
73
Calculate the remainder when 897400 is divided by 228.
220
Calculate the remainder when 3263 is divided by 126.
113
What is the remainder when 8114 is divided by 82?
78
What is the remainder when 336223 is divided by 58?
55
Calculate the remainder when 2557589 is divided by 103.
99
What is the remainder when 235182 is divided by 8709?
39
What is the remainder when 3952 is divided by 1941?
70
What is the remainder when 1047824 is divided by 29?
25
What is the remainder when 13950 is divided by 17?
10
Calculate the remainder when 2529 is divided by 149.
145
What is the remainder when 56793 is divided by 107?
83
Calculate the remainder when 19445 is divided by 19428.
17
What is the remainder when 492 is divided by 68?
16
What is the remainder when 196097 is divided by 1000?
97
What is the remainder when 4058 is divided by 1347?
17
What is the remainder when 9124 is divided by 336?
52
What is the remainder when 27214 is divided by 36?
34
What is the remainder when 4044 is divided by 394?
104
Calculate the remainder when 23426 is divided by 107.
100
What is the remainder when 1080 is divided by 26?
14
Calculate the remainder when 900 is divided by 721.
179
What is the remainder when 27583 is divided by 13787?
9
Calculate the remainder when 60109 is divided by 54.
7
What is the remainder when 1642 is divided by 1597?
45
What is the remainder when 1002818 is divided by 789?
788
Calculate the remainder when 18029 is divided by 1287.
11
What is the remainder when 590339 is divided by 298?
1
Calculate the remainder when 87210 is divided by 69.
63
What is the remainder when 318975 is divided by 891?
888
Calculate the remainder when 2693 is divided by 51.
41
Calculate the remainder when 1680111 is divided by 7.
6
What is the remainder when 51630 is divided by 1147?
15
Calculate the remainder when 22388 is divided by 4.
0
Calculate the remainder when 469486 is divided by 18779.
11
What is the remainder when 7866 is divided by 578?
352
What is the remainder when 85971 is divided by 14?
11
Calculate the remainder when 11271 is divided by 93.
18
Calculate the remainder when 233864 is divided by 41.
0
Calculate the remainder when 24956 is divided by 104.
100
Calculate the remainder when 21077 is divided by 10.
7
What is the remainder when 106821 is divided by 120?
21
Calculate the remainder when 136540 is divided by 12412.
8
Calculate the remainder when 724461 is divided by 5530.
31
What is the remainder when 17412 is divided by 872?
844
What is the remainder when 39751 is divided by 505?
361
What is the remainder when 54099 is divided by 211?
83
Calculate the remainder when 2729 is divided by 35.
34
What is the remainder when 203390 is divided by 53?
29
What is the remainder when 52535 is divided by 52505?
30
Calculate the remainder when 24792 is divided by 3099.
0
Calculate the remainder when 1724 is divided by 466.
326
Calculate the remainder when 117310 is divided by 156.
154
Calculate the remainder when 13318 is divided by 6591.
136
Calculate the remainder when 40838 is divided by 1034.
512
What is the remainder when 24795 is divided by 1078?